{"id":715,"date":"2024-09-03T18:11:21","date_gmt":"2024-09-03T16:11:21","guid":{"rendered":"http:\/\/dylco.fr\/rechtlicher-hinweis\/"},"modified":"2024-09-10T11:10:30","modified_gmt":"2024-09-10T09:10:30","slug":"rechtlicher-hinweis","status":"publish","type":"page","link":"https:\/\/dylco.fr\/de\/rechtlicher-hinweis\/","title":{"rendered":"Rechtlicher Hinweis"},"content":{"rendered":"<div class=\"fusion-fullwidth fullwidth-box fusion-builder-row-1 fusion-flex-container has-pattern-background has-mask-background nonhundred-percent-fullwidth non-hundred-percent-height-scrolling\" style=\"--awb-border-radius-top-left:0px;--awb-border-radius-top-right:0px;--awb-border-radius-bottom-right:0px;--awb-border-radius-bottom-left:0px;--awb-flex-wrap:wrap;\" ><div class=\"fusion-builder-row fusion-row fusion-flex-align-items-flex-start fusion-flex-content-wrap\" style=\"max-width:1300px;margin-left: calc(-4% \/ 2 );margin-right: calc(-4% \/ 2 );\"><div class=\"fusion-layout-column fusion_builder_column fusion-builder-column-0 fusion_builder_column_1_1 1_1 fusion-flex-column\" style=\"--awb-bg-size:cover;--awb-width-large:100%;--awb-margin-top-large:0px;--awb-spacing-right-large:1.92%;--awb-margin-bottom-large:20px;--awb-spacing-left-large:1.92%;--awb-width-medium:100%;--awb-order-medium:0;--awb-spacing-right-medium:1.92%;--awb-spacing-left-medium:1.92%;--awb-width-small:100%;--awb-order-small:0;--awb-spacing-right-small:1.92%;--awb-spacing-left-small:1.92%;\"><div class=\"fusion-column-wrapper fusion-column-has-shadow fusion-flex-justify-content-flex-start fusion-content-layout-column\"><div class=\"fusion-text fusion-text-1\"><h1 class=\"western\" align=\"CENTER\"><span lang=\"en-US\">Rechtlicher Hinweis<\/span><\/h1>\n<p align=\"CENTER\"><span style=\"color: #000000;\"><span style=\"font-family: Arial, serif;\"><span lang=\"en-US\">G\u00fcltig am 03\/09\/2024<\/span><\/span><\/span><\/p>\n<p><span style=\"color: #000000;\"><span style=\"font-family: Arial, serif;\"><span lang=\"en-US\">Gem\u00e4\u00df den Bestimmungen des franz\u00f6sischen Gesetzes Nr. 2004-575 vom 21. Juni 2004 \u00fcber das Vertrauen in die digitale Wirtschaft werden die Nutzer und Besucher (im Folgenden &#8216;Nutzer&#8217; genannt) der Website <a href=\"http:\/\/www.dylco.fr\/de\">www.dylco.fr\/uk<\/a> (im Folgenden &#8216;Website&#8217; genannt) \u00fcber den folgenden rechtlichen Hinweis informiert.<br \/>\nden vorliegenden rechtlichen Hinweis. <\/span><\/span><\/span><\/p>\n<p><span style=\"color: #000000;\"><span style=\"font-family: Arial, serif;\"><span lang=\"en-US\">Die Verbindung und Navigation auf der Website durch den Nutzer bedeutet, dass er die vorliegenden rechtlichen Hinweise vollst\u00e4ndig und vorbehaltlos akzeptiert.<\/span><\/span><\/span><\/p>\n<p><span style=\"color: #000000;\"><span style=\"font-family: Arial, serif;\"><span lang=\"en-US\">Die Nutzungsbedingungen sind auf der Website unter der Rubrik \u201eRechtliche Hinweise\u201c zu finden.<\/span><\/span><\/span><\/p>\n<p><span style=\"color: #000000;\"><span style=\"font-family: Arial, serif;\"><span style=\"color: #002060;\"><span lang=\"en-US\"><b>HERAUSGABE DER WEBSITE<\/b><\/span><\/span><\/span><\/span><\/p>\n<p><span style=\"color: #000000;\"><span style=\"font-family: Arial, serif;\"><span lang=\"en-US\">Die Herausgabe der Website erfolgt durch die Firma DYLCO, SAS mit einem Kapital von 50000 Euro, eingetragen im Handels- und Gesellschaftsregister von DOUAI unter der Nummer 351353990 mit Sitz in 89 RUE PASTEUR, 59980 BERTRY, <\/span><\/span><\/span><\/p>\n<p><span style=\"color: #000000;\"><span style=\"font-family: Arial, serif;\"><span lang=\"en-US\">&gt; Telefonnummer: 330327751800 <\/span><\/span><\/span><\/p>\n<p><span style=\"color: #000000;\"><span style=\"font-family: Arial, serif;\"><span lang=\"en-US\">&gt; E-Mail Adresse: contact@dylco.fr <\/span><\/span><\/span><\/p>\n<p><span style=\"color: #000000;\"><span style=\"font-family: Arial, serif;\"><span lang=\"en-US\">&gt; Umsatzsteuer-Identifikationsnummer: FR36351353990.<\/span><\/span><\/span><\/p>\n<p><span style=\"color: #000000;\"><span style=\"font-family: Arial, serif;\"><span lang=\"en-US\">&gt; Leiter der Ver\u00f6ffentlichung: Arnaud DENOYELLE.<\/span><\/span><\/span><\/p>\n<p><span style=\"color: #000000;\"><span style=\"font-family: Arial, serif;\"><span lang=\"en-US\">im Folgenden der \u201eHerausgeber\u201c.<\/span><\/span><\/span><\/p>\n<p><span style=\"color: #000000;\"><span style=\"font-family: Arial, serif;\"><span style=\"color: #002060;\"><span lang=\"en-US\"><b>HOSTER<\/b><\/span><\/span><\/span><\/span><\/p>\n<p><span style=\"color: #000000;\"><span style=\"font-family: Arial, serif;\"><span lang=\"en-US\">Der Hoster der Website ist die Firma OVH mit Sitz in 2 RUE KELLERMANN 59100 ROUBAIX . <\/span><\/span><\/span><\/p>\n<p><span style=\"color: #000000;\"><span style=\"font-family: Arial, serif;\"><span style=\"color: #002060;\"><span lang=\"en-US\"><b>ZUGRIFF AUF DIE WEBSITE<\/b><\/span><\/span><\/span><\/span><\/p>\n<p><span style=\"color: #000000;\"><span style=\"font-family: Arial, serif;\"><span lang=\"en-US\">Die Website ist f\u00fcr den Nutzer normalerweise jederzeit zug\u00e4nglich. Der Herausgeber kann die Website jedoch jederzeit aussetzen, einschr\u00e4nken oder unterbrechen, um insbesondere Aktualisierungen oder \u00c4nderungen an ihrem Inhalt vorzunehmen. Der Herausgeber kann in keinem Fall f\u00fcr die m\u00f6glichen Folgen dieser Nichtverf\u00fcgbarkeit auf die Aktivit\u00e4ten des Nutzers haftbar gemacht werden.  <\/span><\/span><\/span><\/p>\n<p><span style=\"color: #000000;\"><span style=\"font-family: Arial, serif;\"><span style=\"color: #002060;\"><span lang=\"en-US\"><b>DATENERFASSUNG<\/b><\/span><\/span><\/span><\/span><span style=\"color: #000000;\"><span style=\"font-family: Arial, serif;\"><span lang=\"en-US\">Die Website gew\u00e4hrleistet, dass die personenbezogenen Daten des Nutzers unter Beachtung des Datenschutzes gem\u00e4\u00df dem Gesetz Nr. 78-17 vom 6. Januar 1978 \u00fcber die Datenverarbeitung, die Dateien und die pers\u00f6nlichen Freiheiten sowie unter Einhaltung der geltenden Vorschriften \u00fcber die Verarbeitung personenbezogener Daten gem\u00e4\u00df der Verordnung (EU) 2016\/679 des Europ\u00e4ischen Parlaments und des Rates vom 27. April 2016 (im Folgenden zusammen die &#8220;geltenden Vorschriften \u00fcber den Schutz personenbezogener Daten&#8221;) erhoben und verarbeitet werden. <\/span><\/span><\/span> <\/p>\n<p><span style=\"color: #000000;\"><span style=\"font-family: Arial, serif;\"><span lang=\"en-US\">Gem\u00e4\u00df den geltenden Datenschutzbestimmungen hat der Nutzer das Recht, auf seine personenbezogenen Daten zuzugreifen, sie zu berichtigen, zu l\u00f6schen und ihnen zu widersprechen. Der Nutzer kann dieses Recht aus\u00fcben: <\/span><\/span><\/span><\/p>\n<p><span style=\"color: #000000;\"><span style=\"font-family: Arial, serif;\"><span lang=\"en-US\">&#8211; indem Sie das Kontaktformular verwenden;<\/span><\/span><\/span><span style=\"color: #000000;\"><span style=\"font-family: Arial, serif;\"><span lang=\"en-US\">Jegliche Nutzung, Vervielf\u00e4ltigung, Verbreitung, Vermarktung oder Ver\u00e4nderung der gesamten oder eines Teils der Website ohne die ausdr\u00fcckliche Genehmigung des Herausgebers ist verboten und kann zu rechtlichen Schritten und Verfahren gem\u00e4\u00df den geltenden Vorschriften f\u00fchren.<\/span><\/span><\/span><\/p>\n<\/div><\/div><\/div><\/div><\/div>\n","protected":false},"excerpt":{"rendered":"","protected":false},"author":1,"featured_media":0,"parent":0,"menu_order":0,"comment_status":"closed","ping_status":"closed","template":"100-width.php","meta":{"footnotes":""},"class_list":["post-715","page","type-page","status-publish","hentry"],"_links":{"self":[{"href":"https:\/\/dylco.fr\/de\/wp-json\/wp\/v2\/pages\/715","targetHints":{"allow":["GET"]}}],"collection":[{"href":"https:\/\/dylco.fr\/de\/wp-json\/wp\/v2\/pages"}],"about":[{"href":"https:\/\/dylco.fr\/de\/wp-json\/wp\/v2\/types\/page"}],"author":[{"embeddable":true,"href":"https:\/\/dylco.fr\/de\/wp-json\/wp\/v2\/users\/1"}],"replies":[{"embeddable":true,"href":"https:\/\/dylco.fr\/de\/wp-json\/wp\/v2\/comments?post=715"}],"version-history":[{"count":2,"href":"https:\/\/dylco.fr\/de\/wp-json\/wp\/v2\/pages\/715\/revisions"}],"predecessor-version":[{"id":717,"href":"https:\/\/dylco.fr\/de\/wp-json\/wp\/v2\/pages\/715\/revisions\/717"}],"wp:attachment":[{"href":"https:\/\/dylco.fr\/de\/wp-json\/wp\/v2\/media?parent=715"}],"curies":[{"name":"wp","href":"https:\/\/api.w.org\/{rel}","templated":true}]}}

<div class="fusion-fullwidth fullwidth-box fusion-builder-row-1 fusion-flex-container has-pattern-background has-mask-background nonhundred-percent-fullwidth non-hundred-percent-height-scrolling" style="--awb-border-radius-top-left:0px;--awb-border-radius-top-right:0px;--awb-border-radius-bottom-right:0px;--awb-border-radius-bottom-left:0px;--awb-flex-wrap:wrap;" ><div class="fusion-builder-row fusion-row fusion-flex-align-items-flex-start fusion-flex-content-wrap" style="max-width:1300px;margin-left: calc(-4% / 2 );margin-right: calc(-4% / 2 );"><div class="fusion-layout-column fusion_builder_column fusion-builder-column-0 fusion_builder_column_1_1 1_1 fusion-flex-column" style="--awb-bg-size:cover;--awb-width-large:100%;--awb-margin-top-large:0px;--awb-spacing-right-large:1.92%;--awb-margin-bottom-large:20px;--awb-spacing-left-large:1.92%;--awb-width-medium:100%;--awb-order-medium:0;--awb-spacing-right-medium:1.92%;--awb-spacing-left-medium:1.92%;--awb-width-small:100%;--awb-order-small:0;--awb-spacing-right-small:1.92%;--awb-spacing-left-small:1.92%;"><div class="fusion-column-wrapper fusion-column-has-shadow fusion-flex-justify-content-flex-start fusion-content-layout-column"><div class="fusion-text fusion-text-1"><h1 class="western" align="CENTER"><span lang="en-US">Rechtlicher Hinweis</span></h1>
<p align="CENTER"><span style="color: #000000;"><span style="font-family: Arial, serif;"><span lang="en-US">Gültig am 03/09/2024</span></span></span></p>
<p><span style="color: #000000;"><span style="font-family: Arial, serif;"><span lang="en-US">Gemäß den Bestimmungen des französischen Gesetzes Nr. 2004-575 vom 21. Juni 2004 über das Vertrauen in die digitale Wirtschaft werden die Nutzer und Besucher (im Folgenden &#8216;Nutzer&#8217; genannt) der Website <a href="http://www.dylco.fr/de">www.dylco.fr/uk</a> (im Folgenden &#8216;Website&#8217; genannt) über den folgenden rechtlichen Hinweis informiert.<br />
den vorliegenden rechtlichen Hinweis. </span></span></span></p>
<p><span style="color: #000000;"><span style="font-family: Arial, serif;"><span lang="en-US">Die Verbindung und Navigation auf der Website durch den Nutzer bedeutet, dass er die vorliegenden rechtlichen Hinweise vollständig und vorbehaltlos akzeptiert.</span></span></span></p>
<p><span style="color: #000000;"><span style="font-family: Arial, serif;"><span lang="en-US">Die Nutzungsbedingungen sind auf der Website unter der Rubrik „Rechtliche Hinweise“ zu finden.</span></span></span></p>
<p><span style="color: #000000;"><span style="font-family: Arial, serif;"><span style="color: #002060;"><span lang="en-US"><b>HERAUSGABE DER WEBSITE</b></span></span></span></span></p>
<p><span style="color: #000000;"><span style="font-family: Arial, serif;"><span lang="en-US">Die Herausgabe der Website erfolgt durch die Firma DYLCO, SAS mit einem Kapital von 50000 Euro, eingetragen im Handels- und Gesellschaftsregister von DOUAI unter der Nummer 351353990 mit Sitz in 89 RUE PASTEUR, 59980 BERTRY, </span></span></span></p>
<p><span style="color: #000000;"><span style="font-family: Arial, serif;"><span lang="en-US">&gt; Telefonnummer: 330327751800 </span></span></span></p>
<p><span style="color: #000000;"><span style="font-family: Arial, serif;"><span lang="en-US">&gt; E-Mail Adresse: contact@dylco.fr </span></span></span></p>
<p><span style="color: #000000;"><span style="font-family: Arial, serif;"><span lang="en-US">&gt; Umsatzsteuer-Identifikationsnummer: FR36351353990.</span></span></span></p>
<p><span style="color: #000000;"><span style="font-family: Arial, serif;"><span lang="en-US">&gt; Leiter der Veröffentlichung: Arnaud DENOYELLE.</span></span></span></p>
<p><span style="color: #000000;"><span style="font-family: Arial, serif;"><span lang="en-US">im Folgenden der „Herausgeber“.</span></span></span></p>
<p><span style="color: #000000;"><span style="font-family: Arial, serif;"><span style="color: #002060;"><span lang="en-US"><b>HOSTER</b></span></span></span></span></p>
<p><span style="color: #000000;"><span style="font-family: Arial, serif;"><span lang="en-US">Der Hoster der Website ist die Firma OVH mit Sitz in 2 RUE KELLERMANN 59100 ROUBAIX . </span></span></span></p>
<p><span style="color: #000000;"><span style="font-family: Arial, serif;"><span style="color: #002060;"><span lang="en-US"><b>ZUGRIFF AUF DIE WEBSITE</b></span></span></span></span></p>
<p><span style="color: #000000;"><span style="font-family: Arial, serif;"><span lang="en-US">Die Website ist für den Nutzer normalerweise jederzeit zugänglich. Der Herausgeber kann die Website jedoch jederzeit aussetzen, einschränken oder unterbrechen, um insbesondere Aktualisierungen oder Änderungen an ihrem Inhalt vorzunehmen. Der Herausgeber kann in keinem Fall für die möglichen Folgen dieser Nichtverfügbarkeit auf die Aktivitäten des Nutzers haftbar gemacht werden.  </span></span></span></p>
<p><span style="color: #000000;"><span style="font-family: Arial, serif;"><span style="color: #002060;"><span lang="en-US"><b>DATENERFASSUNG</b></span></span></span></span><span style="color: #000000;"><span style="font-family: Arial, serif;"><span lang="en-US">Die Website gewährleistet, dass die personenbezogenen Daten des Nutzers unter Beachtung des Datenschutzes gemäß dem Gesetz Nr. 78-17 vom 6. Januar 1978 über die Datenverarbeitung, die Dateien und die persönlichen Freiheiten sowie unter Einhaltung der geltenden Vorschriften über die Verarbeitung personenbezogener Daten gemäß der Verordnung (EU) 2016/679 des Europäischen Parlaments und des Rates vom 27. April 2016 (im Folgenden zusammen die &#8220;geltenden Vorschriften über den Schutz personenbezogener Daten&#8221;) erhoben und verarbeitet werden. </span></span></span> </p>
<p><span style="color: #000000;"><span style="font-family: Arial, serif;"><span lang="en-US">Gemäß den geltenden Datenschutzbestimmungen hat der Nutzer das Recht, auf seine personenbezogenen Daten zuzugreifen, sie zu berichtigen, zu löschen und ihnen zu widersprechen. Der Nutzer kann dieses Recht ausüben: </span></span></span></p>
<p><span style="color: #000000;"><span style="font-family: Arial, serif;"><span lang="en-US">&#8211; indem Sie das Kontaktformular verwenden;</span></span></span><span style="color: #000000;"><span style="font-family: Arial, serif;"><span lang="en-US">Jegliche Nutzung, Vervielfältigung, Verbreitung, Vermarktung oder Veränderung der gesamten oder eines Teils der Website ohne die ausdrückliche Genehmigung des Herausgebers ist verboten und kann zu rechtlichen Schritten und Verfahren gemäß den geltenden Vorschriften führen.</span></span></span></p>
</div></div></div></div></div>
